{"id":3356,"date":"2024-07-22T17:58:45","date_gmt":"2024-07-22T17:58:45","guid":{"rendered":"https:\/\/parohiasfantatreimemilitari.ro\/?page_id=3356"},"modified":"2024-08-18T09:58:22","modified_gmt":"2024-08-18T09:58:22","slug":"gallery-2-3","status":"publish","type":"page","link":"https:\/\/parohiasfantatreimemilitari.ro\/?page_id=3356","title":{"rendered":"Cateheze"},"content":{"rendered":"<section  class='av_textblock_section av-lyouo2r1-18c49a66f8cca1f76bd5bbf71a5bb926 '   itemscope=\"itemscope\" itemtype=\"https:\/\/schema.org\/CreativeWork\" ><div class='avia_textblock'  itemprop=\"text\" ><h3 style=\"text-align: center;\"><strong>Cateheze<\/strong><\/h3>\n<\/div><\/section>\n<div  class='flex_column av-1p2o1-8eb9fc5e3e6b2f0d65d9a019b8a9db06 av_one_full  avia-builder-el-1  el_after_av_textblock  el_before_av_hr  first flex_column_div  column-top-margin'     ><section  class='av_textblock_section av-lyxafjbv-ff9eccd68ccbb0ffbc85136ebb12e9ec '   itemscope=\"itemscope\" itemtype=\"https:\/\/schema.org\/CreativeWork\" ><div class='avia_textblock'  itemprop=\"text\" ><p>Cateheza este un termen derivat din grecescul &#8220;katechein&#8221;, care \u00eenseamn\u0103 &#8220;a \u00eenv\u0103\u021ba oral&#8221;. Aceasta se refer\u0103 la instruirea religioas\u0103 \u0219i moral\u0103 oferit\u0103 de Biseric\u0103 credincio\u0219ilor s\u0103i. Cateheza are scopul de a transmite \u00eenv\u0103\u021b\u0103turile fundamentale ale credin\u021bei cre\u0219tine \u0219i de a forma o via\u021b\u0103 de credin\u021b\u0103 activ\u0103 \u0219i con\u0219tient\u0103.<\/p>\n<p><strong>Importan\u021ba catehezei<\/strong><\/p>\n<p>Cateheza este esen\u021bial\u0103 pentru formarea unei comunit\u0103\u021bi de credincio\u0219i bine informate \u0219i angajate. Aceasta asigur\u0103 c\u0103 \u00eenv\u0103\u021b\u0103turile Bisericii sunt transmise \u0219i \u00een\u021belese corect, contribuind la dezvoltarea unei credin\u021be personale \u0219i comunitare puternice. Prin catehez\u0103, credincio\u0219ii sunt echipa\u021bi pentru a tr\u0103i \u0219i a r\u0103sp\u00e2ndi mesajul Evangheliei \u00een via\u021ba de zi cu zi.<\/p>\n<p>\u00cen fiecare vineri seara, dup\u0103 oficierea slujbei Taina Sf\u00e2ntului Maslu, sunt \u021binute cateheze pe diferite teme de actualitate.<\/p>\n<\/div><\/section><\/div>\n<div  class='hr av-39flx2-6756098b875092da83eaf2d1b0e0ce82 hr-short  avia-builder-el-3  el_after_av_one_full  el_before_av_textblock  hr-center'><span class='hr-inner '><span class=\"hr-inner-style\"><\/span><\/span><\/div>\n<section  class='av_textblock_section av-lzykgid4-c8648e701f143df92bb52223f3d5aca4 '   itemscope=\"itemscope\" itemtype=\"https:\/\/schema.org\/CreativeWork\" ><div class='avia_textblock'  itemprop=\"text\" ><h6 style=\"text-align: center;\">Difuzarea filmului ortodox :<\/h6>\n<h6 class=\"entry-title\" style=\"text-align: center;\">OSTROV<\/h6>\n<\/div><\/section>\n\n<style type=\"text\/css\" data-created_by=\"avia_inline_auto\" id=\"style-css-av-lzykkuwo-ee2fb0d3677de9d4ca7361ff23325aa7\">\n#top .hr.hr-invisible.av-lzykkuwo-ee2fb0d3677de9d4ca7361ff23325aa7{\nheight:50px;\n}\n<\/style>\n<div  class='hr av-lzykkuwo-ee2fb0d3677de9d4ca7361ff23325aa7 hr-invisible  avia-builder-el-5  el_after_av_textblock  el_before_av_image '><span class='hr-inner '><span class=\"hr-inner-style\"><\/span><\/span><\/div>\n\n<style type=\"text\/css\" data-created_by=\"avia_inline_auto\" id=\"style-css-av-lzykhuhb-cf49e5bbb913867e347c11a0d30cf7ce\">\n@keyframes av_boxShadowEffect_av-lzykhuhb-cf49e5bbb913867e347c11a0d30cf7ce {\n0%   { box-shadow:  0 0 0 0 ; opacity: 1; }\n100% { box-shadow:  0 0 10px 0 ; opacity: 1; }\n}\n.avia-image-container.av-lzykhuhb-cf49e5bbb913867e347c11a0d30cf7ce img.avia_image{\nbox-shadow: 0 0 10px 0 ;\n}\n.avia-image-container.av-lzykhuhb-cf49e5bbb913867e347c11a0d30cf7ce .av-image-caption-overlay-center{\ncolor:#ffffff;\n}\n<\/style>\n<div  class='avia-image-container av-lzykhuhb-cf49e5bbb913867e347c11a0d30cf7ce av-styling-circle avia-align-center  avia-builder-el-6  el_after_av_hr  el_before_av_hr  av-img-box-shadow av-box-shadow-not-animated'   itemprop=\"image\" itemscope=\"itemscope\" itemtype=\"https:\/\/schema.org\/ImageObject\" ><div class=\"avia-image-container-inner\"><div class=\"avia-image-overlay-wrap\"><img decoding=\"async\" fetchpriority=\"high\" class='wp-image-3721 avia-img-lazy-loading-not-3721 avia_image shadow-not-animated' src=\"https:\/\/parohiasfantatreimemilitari.ro\/wp-content\/uploads\/2024\/08\/a8f67c7f-a890-4eec-aa9e-2468993be997-300x225.jpg\" alt='' title='a8f67c7f-a890-4eec-aa9e-2468993be997'  height=\"225\" width=\"300\"  itemprop=\"thumbnailUrl\" srcset=\"https:\/\/parohiasfantatreimemilitari.ro\/wp-content\/uploads\/2024\/08\/a8f67c7f-a890-4eec-aa9e-2468993be997-300x225.jpg 300w, https:\/\/parohiasfantatreimemilitari.ro\/wp-content\/uploads\/2024\/08\/a8f67c7f-a890-4eec-aa9e-2468993be997-1030x773.jpg 1030w, https:\/\/parohiasfantatreimemilitari.ro\/wp-content\/uploads\/2024\/08\/a8f67c7f-a890-4eec-aa9e-2468993be997-768x576.jpg 768w, https:\/\/parohiasfantatreimemilitari.ro\/wp-content\/uploads\/2024\/08\/a8f67c7f-a890-4eec-aa9e-2468993be997-1536x1152.jpg 1536w, https:\/\/parohiasfantatreimemilitari.ro\/wp-content\/uploads\/2024\/08\/a8f67c7f-a890-4eec-aa9e-2468993be997-1500x1125.jpg 1500w, https:\/\/parohiasfantatreimemilitari.ro\/wp-content\/uploads\/2024\/08\/a8f67c7f-a890-4eec-aa9e-2468993be997-705x529.jpg 705w, https:\/\/parohiasfantatreimemilitari.ro\/wp-content\/uploads\/2024\/08\/a8f67c7f-a890-4eec-aa9e-2468993be997.jpg 2040w\" sizes=\"(max-width: 300px) 100vw, 300px\" \/><\/div><\/div><\/div>\n\n<style type=\"text\/css\" data-created_by=\"avia_inline_auto\" id=\"style-css-av-lzzedg4a-bb978b1186b925827eb69e231fe896a3\">\n#top .hr.hr-invisible.av-lzzedg4a-bb978b1186b925827eb69e231fe896a3{\nheight:50px;\n}\n<\/style>\n<div  class='hr av-lzzedg4a-bb978b1186b925827eb69e231fe896a3 hr-invisible  avia-builder-el-7  el_after_av_image  el_before_av_textblock '><span class='hr-inner '><span class=\"hr-inner-style\"><\/span><\/span><\/div>\n<section  class='av_textblock_section av-lzzeax75-a822dc83801f3d665aaf0c89680a6ebc '   itemscope=\"itemscope\" itemtype=\"https:\/\/schema.org\/CreativeWork\" ><div class='avia_textblock'  itemprop=\"text\" ><h6 style=\"text-align: center;\">Difuzarea filmului :<\/h6>\n<h6 style=\"text-align: center;\">UNDE ESTI ADAME?<\/h6>\n<\/div><\/section>\n\n<style type=\"text\/css\" data-created_by=\"avia_inline_auto\" id=\"style-css-av-lzze8rzk-e1fdb6a761691b3dbce9ea19c887ba4d\">\n#top .hr.hr-invisible.av-lzze8rzk-e1fdb6a761691b3dbce9ea19c887ba4d{\nheight:50px;\n}\n<\/style>\n<div  class='hr av-lzze8rzk-e1fdb6a761691b3dbce9ea19c887ba4d hr-invisible  avia-builder-el-9  el_after_av_textblock  el_before_av_image '><span class='hr-inner '><span class=\"hr-inner-style\"><\/span><\/span><\/div>\n\n<style type=\"text\/css\" data-created_by=\"avia_inline_auto\" id=\"style-css-av-lzzec5ji-7f5ed918b5de45aa1eff54e4e4a9a4e2\">\n@keyframes av_boxShadowEffect_av-lzzec5ji-7f5ed918b5de45aa1eff54e4e4a9a4e2 {\n0%   { box-shadow:  0 0 0 0 ; opacity: 1; }\n100% { box-shadow:  0 0 13px 0 ; opacity: 1; }\n}\n.avia-image-container.av-lzzec5ji-7f5ed918b5de45aa1eff54e4e4a9a4e2 img.avia_image{\nbox-shadow: 0 0 13px 0 ;\n}\n.avia-image-container.av-lzzec5ji-7f5ed918b5de45aa1eff54e4e4a9a4e2 .av-image-caption-overlay-center{\ncolor:#ffffff;\n}\n<\/style>\n<div  class='avia-image-container av-lzzec5ji-7f5ed918b5de45aa1eff54e4e4a9a4e2 av-styling-circle avia-align-center  avia-builder-el-10  el_after_av_hr  avia-builder-el-last  av-img-box-shadow av-box-shadow-not-animated'   itemprop=\"image\" itemscope=\"itemscope\" itemtype=\"https:\/\/schema.org\/ImageObject\" ><div class=\"avia-image-container-inner\"><div class=\"avia-image-overlay-wrap\"><img decoding=\"async\" fetchpriority=\"high\" class='wp-image-3761 avia-img-lazy-loading-not-3761 avia_image shadow-not-animated' src=\"https:\/\/parohiasfantatreimemilitari.ro\/wp-content\/uploads\/2024\/08\/unde-esti-adame-300x225.jpg\" alt='' title='unde esti adame'  height=\"225\" width=\"300\"  itemprop=\"thumbnailUrl\" srcset=\"https:\/\/parohiasfantatreimemilitari.ro\/wp-content\/uploads\/2024\/08\/unde-esti-adame-300x225.jpg 300w, https:\/\/parohiasfantatreimemilitari.ro\/wp-content\/uploads\/2024\/08\/unde-esti-adame-1030x773.jpg 1030w, https:\/\/parohiasfantatreimemilitari.ro\/wp-content\/uploads\/2024\/08\/unde-esti-adame-768x576.jpg 768w, https:\/\/parohiasfantatreimemilitari.ro\/wp-content\/uploads\/2024\/08\/unde-esti-adame-1536x1152.jpg 1536w, https:\/\/parohiasfantatreimemilitari.ro\/wp-content\/uploads\/2024\/08\/unde-esti-adame-1500x1125.jpg 1500w, https:\/\/parohiasfantatreimemilitari.ro\/wp-content\/uploads\/2024\/08\/unde-esti-adame-705x529.jpg 705w, https:\/\/parohiasfantatreimemilitari.ro\/wp-content\/uploads\/2024\/08\/unde-esti-adame.jpg 2000w\" sizes=\"(max-width: 300px) 100vw, 300px\" \/><\/div><\/div><\/div>\n","protected":false},"excerpt":{"rendered":"","protected":false},"author":1,"featured_media":0,"parent":750,"menu_order":0,"comment_status":"open","ping_status":"open","template":"","meta":{"footnotes":""},"class_list":["post-3356","page","type-page","status-publish","hentry"],"_links":{"self":[{"href":"https:\/\/parohiasfantatreimemilitari.ro\/index.php?rest_route=\/wp\/v2\/pages\/3356","targetHints":{"allow":["GET"]}}],"collection":[{"href":"https:\/\/parohiasfantatreimemilitari.ro\/index.php?rest_route=\/wp\/v2\/pages"}],"about":[{"href":"https:\/\/parohiasfantatreimemilitari.ro\/index.php?rest_route=\/wp\/v2\/types\/page"}],"author":[{"embeddable":true,"href":"https:\/\/parohiasfantatreimemilitari.ro\/index.php?rest_route=\/wp\/v2\/users\/1"}],"replies":[{"embeddable":true,"href":"https:\/\/parohiasfantatreimemilitari.ro\/index.php?rest_route=%2Fwp%2Fv2%2Fcomments&post=3356"}],"version-history":[{"count":14,"href":"https:\/\/parohiasfantatreimemilitari.ro\/index.php?rest_route=\/wp\/v2\/pages\/3356\/revisions"}],"predecessor-version":[{"id":3764,"href":"https:\/\/parohiasfantatreimemilitari.ro\/index.php?rest_route=\/wp\/v2\/pages\/3356\/revisions\/3764"}],"up":[{"embeddable":true,"href":"https:\/\/parohiasfantatreimemilitari.ro\/index.php?rest_route=\/wp\/v2\/pages\/750"}],"wp:attachment":[{"href":"https:\/\/parohiasfantatreimemilitari.ro\/index.php?rest_route=%2Fwp%2Fv2%2Fmedia&parent=3356"}],"curies":[{"name":"wp","href":"https:\/\/api.w.org\/{rel}","templated":true}]}}

<section  class='av_textblock_section av-lyouo2r1-18c49a66f8cca1f76bd5bbf71a5bb926 '   itemscope="itemscope" itemtype="https://schema.org/CreativeWork" ><div class='avia_textblock'  itemprop="text" ><h3 style="text-align: center;"><strong>Cateheze</strong></h3>
</div></section>
<div  class='flex_column av-1p2o1-8eb9fc5e3e6b2f0d65d9a019b8a9db06 av_one_full  avia-builder-el-1  el_after_av_textblock  el_before_av_hr  first flex_column_div  column-top-margin'     ><section  class='av_textblock_section av-lyxafjbv-ff9eccd68ccbb0ffbc85136ebb12e9ec '   itemscope="itemscope" itemtype="https://schema.org/CreativeWork" ><div class='avia_textblock'  itemprop="text" ><p>Cateheza este un termen derivat din grecescul &#8220;katechein&#8221;, care înseamnă &#8220;a învăța oral&#8221;. Aceasta se referă la instruirea religioasă și morală oferită de Biserică credincioșilor săi. Cateheza are scopul de a transmite învățăturile fundamentale ale credinței creștine și de a forma o viață de credință activă și conștientă.</p>
<p><strong>Importanța catehezei</strong></p>
<p>Cateheza este esențială pentru formarea unei comunități de credincioși bine informate și angajate. Aceasta asigură că învățăturile Bisericii sunt transmise și înțelese corect, contribuind la dezvoltarea unei credințe personale și comunitare puternice. Prin cateheză, credincioșii sunt echipați pentru a trăi și a răspândi mesajul Evangheliei în viața de zi cu zi.</p>
<p>În fiecare vineri seara, după oficierea slujbei Taina Sfântului Maslu, sunt ținute cateheze pe diferite teme de actualitate.</p>
</div></section></div>
<div  class='hr av-39flx2-6756098b875092da83eaf2d1b0e0ce82 hr-short  avia-builder-el-3  el_after_av_one_full  el_before_av_textblock  hr-center'><span class='hr-inner '><span class="hr-inner-style"></span></span></div>
<section  class='av_textblock_section av-lzykgid4-c8648e701f143df92bb52223f3d5aca4 '   itemscope="itemscope" itemtype="https://schema.org/CreativeWork" ><div class='avia_textblock'  itemprop="text" ><h6 style="text-align: center;">Difuzarea filmului ortodox :</h6>
<h6 class="entry-title" style="text-align: center;">OSTROV</h6>
</div></section>

<style type="text/css" data-created_by="avia_inline_auto" id="style-css-av-lzykkuwo-ee2fb0d3677de9d4ca7361ff23325aa7">
#top .hr.hr-invisible.av-lzykkuwo-ee2fb0d3677de9d4ca7361ff23325aa7{
height:50px;
}
</style>
<div  class='hr av-lzykkuwo-ee2fb0d3677de9d4ca7361ff23325aa7 hr-invisible  avia-builder-el-5  el_after_av_textblock  el_before_av_image '><span class='hr-inner '><span class="hr-inner-style"></span></span></div>

<style type="text/css" data-created_by="avia_inline_auto" id="style-css-av-lzykhuhb-cf49e5bbb913867e347c11a0d30cf7ce">
@keyframes av_boxShadowEffect_av-lzykhuhb-cf49e5bbb913867e347c11a0d30cf7ce {
0%   { box-shadow:  0 0 0 0 ; opacity: 1; }
100% { box-shadow:  0 0 10px 0 ; opacity: 1; }
}
.avia-image-container.av-lzykhuhb-cf49e5bbb913867e347c11a0d30cf7ce img.avia_image{
box-shadow: 0 0 10px 0 ;
}
.avia-image-container.av-lzykhuhb-cf49e5bbb913867e347c11a0d30cf7ce .av-image-caption-overlay-center{
color:#ffffff;
}
</style>
<div  class='avia-image-container av-lzykhuhb-cf49e5bbb913867e347c11a0d30cf7ce av-styling-circle avia-align-center  avia-builder-el-6  el_after_av_hr  el_before_av_hr  av-img-box-shadow av-box-shadow-not-animated'   itemprop="image" itemscope="itemscope" itemtype="https://schema.org/ImageObject" ><div class="avia-image-container-inner"><div class="avia-image-overlay-wrap"><img decoding="async" fetchpriority="high" class='wp-image-3721 avia-img-lazy-loading-not-3721 avia_image shadow-not-animated' src="https://parohiasfantatreimemilitari.ro/wp-content/uploads/2024/08/a8f67c7f-a890-4eec-aa9e-2468993be997-300x225.jpg" alt='' title='a8f67c7f-a890-4eec-aa9e-2468993be997'  height="225" width="300"  itemprop="thumbnailUrl" srcset="https://parohiasfantatreimemilitari.ro/wp-content/uploads/2024/08/a8f67c7f-a890-4eec-aa9e-2468993be997-300x225.jpg 300w, https://parohiasfantatreimemilitari.ro/wp-content/uploads/2024/08/a8f67c7f-a890-4eec-aa9e-2468993be997-1030x773.jpg 1030w, https://parohiasfantatreimemilitari.ro/wp-content/uploads/2024/08/a8f67c7f-a890-4eec-aa9e-2468993be997-768x576.jpg 768w, https://parohiasfantatreimemilitari.ro/wp-content/uploads/2024/08/a8f67c7f-a890-4eec-aa9e-2468993be997-1536x1152.jpg 1536w, https://parohiasfantatreimemilitari.ro/wp-content/uploads/2024/08/a8f67c7f-a890-4eec-aa9e-2468993be997-1500x1125.jpg 1500w, https://parohiasfantatreimemilitari.ro/wp-content/uploads/2024/08/a8f67c7f-a890-4eec-aa9e-2468993be997-705x529.jpg 705w, https://parohiasfantatreimemilitari.ro/wp-content/uploads/2024/08/a8f67c7f-a890-4eec-aa9e-2468993be997.jpg 2040w" sizes="(max-width: 300px) 100vw, 300px" /></div></div></div>

<style type="text/css" data-created_by="avia_inline_auto" id="style-css-av-lzzedg4a-bb978b1186b925827eb69e231fe896a3">
#top .hr.hr-invisible.av-lzzedg4a-bb978b1186b925827eb69e231fe896a3{
height:50px;
}
</style>
<div  class='hr av-lzzedg4a-bb978b1186b925827eb69e231fe896a3 hr-invisible  avia-builder-el-7  el_after_av_image  el_before_av_textblock '><span class='hr-inner '><span class="hr-inner-style"></span></span></div>
<section  class='av_textblock_section av-lzzeax75-a822dc83801f3d665aaf0c89680a6ebc '   itemscope="itemscope" itemtype="https://schema.org/CreativeWork" ><div class='avia_textblock'  itemprop="text" ><h6 style="text-align: center;">Difuzarea filmului :</h6>
<h6 style="text-align: center;">UNDE ESTI ADAME?</h6>
</div></section>

<style type="text/css" data-created_by="avia_inline_auto" id="style-css-av-lzze8rzk-e1fdb6a761691b3dbce9ea19c887ba4d">
#top .hr.hr-invisible.av-lzze8rzk-e1fdb6a761691b3dbce9ea19c887ba4d{
height:50px;
}
</style>
<div  class='hr av-lzze8rzk-e1fdb6a761691b3dbce9ea19c887ba4d hr-invisible  avia-builder-el-9  el_after_av_textblock  el_before_av_image '><span class='hr-inner '><span class="hr-inner-style"></span></span></div>

<style type="text/css" data-created_by="avia_inline_auto" id="style-css-av-lzzec5ji-7f5ed918b5de45aa1eff54e4e4a9a4e2">
@keyframes av_boxShadowEffect_av-lzzec5ji-7f5ed918b5de45aa1eff54e4e4a9a4e2 {
0%   { box-shadow:  0 0 0 0 ; opacity: 1; }
100% { box-shadow:  0 0 13px 0 ; opacity: 1; }
}
.avia-image-container.av-lzzec5ji-7f5ed918b5de45aa1eff54e4e4a9a4e2 img.avia_image{
box-shadow: 0 0 13px 0 ;
}
.avia-image-container.av-lzzec5ji-7f5ed918b5de45aa1eff54e4e4a9a4e2 .av-image-caption-overlay-center{
color:#ffffff;
}
</style>
<div  class='avia-image-container av-lzzec5ji-7f5ed918b5de45aa1eff54e4e4a9a4e2 av-styling-circle avia-align-center  avia-builder-el-10  el_after_av_hr  avia-builder-el-last  av-img-box-shadow av-box-shadow-not-animated'   itemprop="image" itemscope="itemscope" itemtype="https://schema.org/ImageObject" ><div class="avia-image-container-inner"><div class="avia-image-overlay-wrap"><img decoding="async" fetchpriority="high" class='wp-image-3761 avia-img-lazy-loading-not-3761 avia_image shadow-not-animated' src="https://parohiasfantatreimemilitari.ro/wp-content/uploads/2024/08/unde-esti-adame-300x225.jpg" alt='' title='unde esti adame'  height="225" width="300"  itemprop="thumbnailUrl" srcset="https://parohiasfantatreimemilitari.ro/wp-content/uploads/2024/08/unde-esti-adame-300x225.jpg 300w, https://parohiasfantatreimemilitari.ro/wp-content/uploads/2024/08/unde-esti-adame-1030x773.jpg 1030w, https://parohiasfantatreimemilitari.ro/wp-content/uploads/2024/08/unde-esti-adame-768x576.jpg 768w, https://parohiasfantatreimemilitari.ro/wp-content/uploads/2024/08/unde-esti-adame-1536x1152.jpg 1536w, https://parohiasfantatreimemilitari.ro/wp-content/uploads/2024/08/unde-esti-adame-1500x1125.jpg 1500w, https://parohiasfantatreimemilitari.ro/wp-content/uploads/2024/08/unde-esti-adame-705x529.jpg 705w, https://parohiasfantatreimemilitari.ro/wp-content/uploads/2024/08/unde-esti-adame.jpg 2000w" sizes="(max-width: 300px) 100vw, 300px" /></div></div></div>
